725?
17
What is the remainder when 45301 is divided by 169?
9
What is the remainder when 6817 is divided by 106?
33
What is the remainder when 14666 is divided by 376?
2
Calculate the remainder when 211757 is divided by 21175.
7
Calculate the remainder when 841474 is divided by 82.
72
Calculate the remainder when 99984 is divided by 303.
297
Calculate the remainder when 25567 is divided by 560.
367
What is the remainder when 29493 is divided by 483?
30
What is the remainder when 193684 is divided by 11?
7
Calculate the remainder when 48917 is divided by 105.
92
What is the remainder when 55560 is divided by 54?
48
What is the remainder when 4658 is divided by 477?
365
Calculate the remainder when 37997 is divided by 12615.
152
Calculate the remainder when 24404 is divided by 8133.
5
Calculate the remainder when 12011 is divided by 349.
145
Calculate the remainder when 2572 is divided by 21.
10
Calculate the remainder when 8740 is divided by 726.
28
What is the remainder when 6723 is divided by 236?
115
Calculate the remainder when 11158 is divided by 120.
118
What is the remainder when 179998 is divided by 259?
252
What is the remainder when 26002 is divided by 147?
130
What is the remainder when 1374 is divided by 122?
32
What is the remainder when 306423 is divided by 11349?
0
What is the remainder when 3687936 is divided by 19?
17
Calculate the remainder when 1771 is divided by 334.
101
Calculate the remainder when 2267 is divided by 563.
15
What is the remainder when 1601 is divided by 371?
117
Calculate the remainder when 1030014 is divided by 53.
12
Calculate the remainder when 995907 is divided by 445.
442
Calculate the remainder when 7040 is divided by 3512.
16
What is the remainder when 417 is divided by 158?
101
What is the remainder when 1775 is divided by 177?
5
Calculate the remainder when 14993 is divided by 266.
97
What is the remainder when 6272 is divided by 126?
98
Calculate the remainder when 51190 is divided by 49.
34
What is the remainder when 187201 is divided by 194?
185
Calculate the remainder when 206925 is divided by 103.
101
What is the remainder when 7511 is divided by 7502?
9
Calculate the remainder when 998 is divided by 47.
11
What is the remainder when 210134 is divided by 70042?
8
What is the remainder when 245488 is divided by 70?
68
What is the remainder when 1777 is divided by 871?
35
Calculate the remainder when 81190 is divided by 700.
690
Calculate the remainder when 499582 is divided by 7.
6
What is the remainder when 5484 is divided by 15?
9
Calculate the remainder when 24736 is divided by 52.
36
What is the remainder when 433271 is divided by 1747?
15
What is the remainder when 510804 is divided by 2019?
2016
What is the remainder when 350369 is divided by 116780?
29
Calculate the remainder when 14517 is divided by 427.
426
Calculate the remainder when 8751 is divided by 159.
6
What is the remainder when 6307 is divided by 698?
25
What is the remainder when 29197 is divided by 100?
97
Calculate the remainder when 145617 is divided by 687.
660
What is the remainder when 107801 is divided by 81?
71
Calculate the remainder when 514797 is divided by 45.
42
Calculate the remainder when 13069 is divided by 4356.
1
Calculate the remainder when 6029 is divided by 232.
229
Calculate the remainder when 21549 is divided by 10773.
3
What is the remainder when 21863 is divided by 29?
26
What is the remainder when 921732 is divided by 274?
270
Calculate the remainder when 16916 is divided by 73.
53
Calculate the remainder when 42244 is divided by 18.
16
Calculate the remainder when 10726 is divided by 2675.
26
What is the remainder when 16913 is divided by 317?
112
What is the remainder when 13272 is divided by 233?
224
Calculate the remainder when 6665 is divided by 41.
23
What is the remainder when 353149 is divided by 8?
5
What is the remainder when 552413 is divided by 30?
23
What is the remainder when 1242 is divided by 39?
33
What is the remainder when 741 is divided by 580?
161
Calculate the remainder when 26025 is divided by 6497.
37
Calculate the remainder when 263992 is divided by 39.
1
What is the remainder when 19003 is divided by 26?
23
What is the remainder when 18528 is divided by 386?
0
What is the remainder when 21368 is divided by 57?
50
Calculate the remainder when 644042 is divided by 275.
267
Calculate the remainder when 131694 is divided by 1.
0
What is the remainder when 80407 is divided by 38?
37
What is the remainder when 1179 is divided by 233?
14
Calculate the remainder when 540011 is divided by 45000.
11
What is the remainder when 535088 is divided by 101?
91
What is the remainder when 2077 is divided by 676?
49
Calculate the remainder when 4464 is divided by 277.
32
What is the remainder when 11116 is divided by 2753?
104
What is the remainder when 3194 is divided by 902?
488
Calculate the remainder when 21349 is divided by 136.
133
What is the remainder when 2906 is divided by 388?
190
Calculate the remainder when 59708 is divided by 10.
8
Calculate the remainder when 28273 is divided by 3139.
22
Calculate the remainder when 2068 is divided by 356.
288
What is the remainder when 126114 is divided by 1087?
22
What is the remainder when 1253 is divided by 1226?
27
Calculate the remainder when 1221624 is divided by 430.
424
Calculate the remainder when 241396 is divided by 680.
676
Calculate the remainder when 9389 is divided by 604.
329
Calculate the remainder when 5107 is divided by 73.
70
Calculate the remainder when 364717 is divided by 60786.
1
What is the remainder when 99210 is divided by 1288?
34
Calculate the remainder when 719 is divided by 55.
4
Calculate the remainder when 19529 is divided by 3879.
134
What is the remainder when 1215 is divided by 41?
26
Calculate the remainder when 2497 is divided by 170.
117
What is the remainder when 3624 is divided by 121?
115
Calculate the remainder when 2736 is divided by 114.
0
What is the remainder when 8945 is divided by 60?
5
Calculate the remainder when 68500 is divided by 507.
55
Calculate the remainder when 5365 is divided by 336.
325
What is the remainder when 41378 is divided by 19?
15
Calculate the remainder when 4040 is divided by 1343.
11
Calculate the remainder when 3779 is divided by 1159.
302
What is the remainder when 36888 is divided by 1541?
1445
What is the remainder when 498 is divided by 37?
17
What is the remainder when 13652 is divided by 19?
10
Calculate the remainder when 1713 is divided by 299.
218
Calculate the remainder when 3224 is divided by 194.
120
What is the remainder when 144472 is divided by 242?
240
Calculate the remainder when 57877 is divided by 788.
353
Calculate the remainder when 7954 is divided by 305.
24
Calculate the remainder when 974 is divided by 369.
236
What is the remainder when 7945 is divided by 617?
541
Calculate the remainder when 13736 is divided by 13723.
13
What is the remainder when 90207 is divided by 32?
31
Calculate the remainder when 46332 is divided by 23.
10
What is the remainder when 155417 is divided by 95?
92
Calculate the remainder when 215173 is divided by 1425.
1423
What is the remainder when 86780 is divided by 84?
8
What is the remainder when 137952 is divided by 198?
144
Calculate the remainder when 418 is divided by 95.
38
Calculate the remainder when 2142 is divided by 44.
30
What is the remainder when 869 is divided by 761?
108
Calculate the remainder when 39581 is divided by 1646.
77
Calculate the remainder when 120324 is divided by 18.
12
What is the remainder when 508693 is divided by 25?
18
Calculate the remainder when 11219 is divided by 3560.
539
What is the remainder when 27219 is divided by 6?
3
What is the remainder when 1489 is divided by 9?
4
What is the remainder when 950866 is divided by 183?
181
What is the remainder when 898 is divided by 180?
178
Calculate the remainder when 19296 is divided by 7.
4
Calculate the remainder when 3980 is divided by 187.
53
What is the remainder when 41894 is divided by 8374?
24
What is the remainder when 186468 is divided by 137?
11
What is the remainder when 89085 is divided by 192?
189
What is the remainder when 12651 is divided by 1834?
1647
What is the remainder when 95720 is divided by 26?
14
What is the r